{"id":1592,"date":"2024-09-28T20:05:18","date_gmt":"2024-09-28T20:05:18","guid":{"rendered":"https:\/\/dev.akhd.de\/?page_id=1592"},"modified":"2026-03-23T13:36:55","modified_gmt":"2026-03-23T13:36:55","slug":"schule-dogh-abad","status":"publish","type":"page","link":"https:\/\/www.akhd.de\/index.php\/projekte\/schule-dogh-abad\/","title":{"rendered":"Schule Dogh Abad"},"content":{"rendered":"\t\t<div data-elementor-type=\"wp-page\" data-elementor-id=\"1592\" class=\"elementor elementor-1592\">\n\t\t\t\t<div class=\"elementor-element elementor-element-759deaa1 e-flex e-con-boxed e-con e-parent\" data-id=\"759deaa1\" data-element_type=\"container\" data-e-type=\"container\">\n\t\t\t\t\t<div class=\"e-con-inner\">\n\t\t\t\t<div class=\"elementor-element elementor-element-b66f353 elementor-widget elementor-widget-heading\" data-id=\"b66f353\" data-element_type=\"widget\" data-e-type=\"widget\" data-widget_type=\"heading.default\">\n\t\t\t\t<div class=\"elementor-widget-container\">\n\t\t\t\t\t<h2 class=\"elementor-heading-title elementor-size-default\">Schule Dogh Abad \u2013 Bildung f\u00fcr M\u00e4dchen in schwierigen Zeiten\n<\/h2>\t\t\t\t<\/div>\n\t\t\t\t<\/div>\n\t\t\t\t<div class=\"elementor-element elementor-element-374c9ccc elementor-widget elementor-widget-text-editor\" data-id=\"374c9ccc\" data-element_type=\"widget\" data-e-type=\"widget\" data-widget_type=\"text-editor.default\">\n\t\t\t\t<div class=\"elementor-widget-container\">\n\t\t\t\t\t\t\t\t\t<p>Ende 2010 wurde das erste Geb\u00e4ude f\u00fcr die berufsvorbereitende Schule fertiggestellt, die feierliche Er\u00f6ffnung erfolgte am 13. April 2011. Die Schule befand sich auf dem Gel\u00e4nde der Klinik in Dogh Abad, etwa 20 Kilometer s\u00fcdwestlich vom Zentrum Kabuls entfernt.<\/p>\n<p>Nach dem Umzug befindet sich die berufsvorbereitende Schule nun im selben Geb\u00e4ude wie die Klinik in Dogh Abad. Unterrichtet wird in sieben Klassenr\u00e4umen und in zwei \u201eSchichten\u201c.\u00a0<\/p>\n<p><!-- \/wp:paragraph --><!-- wp:paragraph --><\/p>\n<p>Unterrichtet werden ausschlie\u00dflich M\u00e4dchen, im Jahr 2025 in vier Kursen (PC, Englisch, N\u00e4hen, Sticken) mit insgesamt rund 400 Sch\u00fclerinnen. Besonderheit des N\u00e4hkurses: Absolventinnen erhalten nach der Ausbildung eine N\u00e4hmaschine, um f\u00fcr die Familie oder im Rahmen eines kleinen Gewerbes aktiv zu sein.\u00a0<\/p>\n<p>Die Schule besch\u00e4ftigt f\u00fcnf Angestellte, darunter vier Lehrerinnen.<\/p>\n<p><!-- \/wp:paragraph --><!-- wp:paragraph --><!-- \/wp:paragraph --><!-- wp:paragraph --><\/p>\n<p>Unsere berufsvorbereitende M\u00e4dchenschule musste auf Weisung der Beh\u00f6rden Ende Dezember 2022 schlie\u00dfen. Nach einer Zwangspause von f\u00fcnf Monaten durfte sie am am 29. April 2023 ihren Betrieb wieder aufnehmen.\u00a0<\/p>\n<p><!-- \/wp:paragraph --><\/p>\t\t\t\t\t\t\t\t<\/div>\n\t\t\t\t<\/div>\n\t\t\t\t\t<\/div>\n\t\t\t\t<\/div>\n\t\t<div class=\"elementor-element elementor-element-70126d2 e-flex e-con-boxed e-con e-parent\" data-id=\"70126d2\" data-element_type=\"container\" data-e-type=\"container\">\n\t\t\t\t\t<div class=\"e-con-inner\">\n\t\t\t\t<div class=\"elementor-element elementor-element-511d23b elementor-widget elementor-widget-spacer\" data-id=\"511d23b\" data-element_type=\"widget\" data-e-type=\"widget\" data-widget_type=\"spacer.default\">\n\t\t\t\t<div class=\"elementor-widget-container\">\n\t\t\t\t\t\t\t<div class=\"elementor-spacer\">\n\t\t\t<div class=\"elementor-spacer-inner\"><\/div>\n\t\t<\/div>\n\t\t\t\t\t\t<\/div>\n\t\t\t\t<\/div>\n\t\t\t\t<div class=\"elementor-element elementor-element-b635bf4 elementor-widget elementor-widget-heading\" data-id=\"b635bf4\" data-element_type=\"widget\" data-e-type=\"widget\" data-widget_type=\"heading.default\">\n\t\t\t\t<div class=\"elementor-widget-container\">\n\t\t\t\t\t<h2 class=\"elementor-heading-title elementor-size-default\"><span>Eindr\u00fccke aus der Schule Dogh Abad<\/span><\/h2>\t\t\t\t<\/div>\n\t\t\t\t<\/div>\n\t\t\t\t\t<\/div>\n\t\t\t\t<\/div>\n\t\t<div class=\"elementor-element elementor-element-77137b4 e-grid e-con-boxed e-con e-parent\" data-id=\"77137b4\" data-element_type=\"container\" data-e-type=\"container\">\n\t\t\t\t\t<div class=\"e-con-inner\">\n\t\t\t\t<div class=\"elementor-element elementor-element-b1c1caa elementor-widget elementor-widget-image\" data-id=\"b1c1caa\" data-element_type=\"widget\" data-e-type=\"widget\" data-widget_type=\"image.default\">\n\t\t\t\t<div class=\"elementor-widget-container\">\n\t\t\t\t\t\t\t\t\t\t\t\t\t\t\t\t<a href=\"https:\/\/www.akhd.de\/wp-content\/uploads\/2025\/04\/IMG_1650_k.jpg\" data-elementor-open-lightbox=\"yes\" data-e-action-hash=\"#elementor-action%3Aaction%3Dlightbox%26settings%3DeyJpZCI6NzIyOCwidXJsIjoiaHR0cHM6XC9cL3d3dy5ha2hkLmRlXC93cC1jb250ZW50XC91cGxvYWRzXC8yMDI1XC8wNFwvSU1HXzE2NTBfay5qcGcifQ%3D%3D\">\n\t\t\t\t\t\t\t<img fetchpriority=\"high\" decoding=\"async\" width=\"640\" height=\"376\" src=\"https:\/\/www.akhd.de\/wp-content\/uploads\/2025\/04\/IMG_1650_k.jpg\" class=\"attachment-large size-large wp-image-7228\" alt=\"\" srcset=\"https:\/\/www.akhd.de\/wp-content\/uploads\/2025\/04\/IMG_1650_k.jpg 800w, https:\/\/www.akhd.de\/wp-content\/uploads\/2025\/04\/IMG_1650_k-300x176.jpg 300w, https:\/\/www.akhd.de\/wp-content\/uploads\/2025\/04\/IMG_1650_k-768x451.jpg 768w\" sizes=\"(max-width: 640px) 100vw, 640px\" \/>\t\t\t\t\t\t\t\t<\/a>\n\t\t\t\t\t\t\t\t\t\t\t\t\t\t\t<\/div>\n\t\t\t\t<\/div>\n\t\t\t\t<div class=\"elementor-element elementor-element-46c9617 elementor-widget elementor-widget-image\" data-id=\"46c9617\" data-element_type=\"widget\" data-e-type=\"widget\" data-widget_type=\"image.default\">\n\t\t\t\t<div class=\"elementor-widget-container\">\n\t\t\t\t\t\t\t\t\t\t\t\t\t\t\t\t<a href=\"https:\/\/www.akhd.de\/wp-content\/uploads\/2025\/04\/IMG_1632_k.jpg\" data-elementor-open-lightbox=\"yes\" data-e-action-hash=\"#elementor-action%3Aaction%3Dlightbox%26settings%3DeyJpZCI6NzIyNywidXJsIjoiaHR0cHM6XC9cL3d3dy5ha2hkLmRlXC93cC1jb250ZW50XC91cGxvYWRzXC8yMDI1XC8wNFwvSU1HXzE2MzJfay5qcGcifQ%3D%3D\">\n\t\t\t\t\t\t\t<img decoding=\"async\" width=\"640\" height=\"376\" src=\"https:\/\/www.akhd.de\/wp-content\/uploads\/2025\/04\/IMG_1632_k.jpg\" class=\"attachment-large size-large wp-image-7227\" alt=\"\" srcset=\"https:\/\/www.akhd.de\/wp-content\/uploads\/2025\/04\/IMG_1632_k.jpg 800w, https:\/\/www.akhd.de\/wp-content\/uploads\/2025\/04\/IMG_1632_k-300x176.jpg 300w, https:\/\/www.akhd.de\/wp-content\/uploads\/2025\/04\/IMG_1632_k-768x451.jpg 768w\" sizes=\"(max-width: 640px) 100vw, 640px\" \/>\t\t\t\t\t\t\t\t<\/a>\n\t\t\t\t\t\t\t\t\t\t\t\t\t\t\t<\/div>\n\t\t\t\t<\/div>\n\t\t\t\t<div class=\"elementor-element elementor-element-c7c3260 elementor-widget elementor-widget-image\" data-id=\"c7c3260\" data-element_type=\"widget\" data-e-type=\"widget\" data-widget_type=\"image.default\">\n\t\t\t\t<div class=\"elementor-widget-container\">\n\t\t\t\t\t\t\t\t\t\t\t\t\t\t\t\t<a href=\"https:\/\/www.akhd.de\/wp-content\/uploads\/2025\/04\/IMG_1628_k.jpg\" data-elementor-open-lightbox=\"yes\" data-e-action-hash=\"#elementor-action%3Aaction%3Dlightbox%26settings%3DeyJpZCI6NzIyNiwidXJsIjoiaHR0cHM6XC9cL3d3dy5ha2hkLmRlXC93cC1jb250ZW50XC91cGxvYWRzXC8yMDI1XC8wNFwvSU1HXzE2Mjhfay5qcGcifQ%3D%3D\">\n\t\t\t\t\t\t\t<img decoding=\"async\" width=\"640\" height=\"376\" src=\"https:\/\/www.akhd.de\/wp-content\/uploads\/2025\/04\/IMG_1628_k.jpg\" class=\"attachment-large size-large wp-image-7226\" alt=\"\" srcset=\"https:\/\/www.akhd.de\/wp-content\/uploads\/2025\/04\/IMG_1628_k.jpg 800w, https:\/\/www.akhd.de\/wp-content\/uploads\/2025\/04\/IMG_1628_k-300x176.jpg 300w, https:\/\/www.akhd.de\/wp-content\/uploads\/2025\/04\/IMG_1628_k-768x451.jpg 768w\" sizes=\"(max-width: 640px) 100vw, 640px\" \/>\t\t\t\t\t\t\t\t<\/a>\n\t\t\t\t\t\t\t\t\t\t\t\t\t\t\t<\/div>\n\t\t\t\t<\/div>\n\t\t\t\t<div class=\"elementor-element elementor-element-2261218 elementor-widget elementor-widget-image\" data-id=\"2261218\" data-element_type=\"widget\" data-e-type=\"widget\" data-widget_type=\"image.default\">\n\t\t\t\t<div class=\"elementor-widget-container\">\n\t\t\t\t\t\t\t\t\t\t\t\t\t\t\t\t<a href=\"https:\/\/www.akhd.de\/wp-content\/uploads\/2025\/04\/IMG_1625_k.jpg\" data-elementor-open-lightbox=\"yes\" data-e-action-hash=\"#elementor-action%3Aaction%3Dlightbox%26settings%3DeyJpZCI6NzIyNSwidXJsIjoiaHR0cHM6XC9cL3d3dy5ha2hkLmRlXC93cC1jb250ZW50XC91cGxvYWRzXC8yMDI1XC8wNFwvSU1HXzE2MjVfay5qcGcifQ%3D%3D\">\n\t\t\t\t\t\t\t<img loading=\"lazy\" decoding=\"async\" width=\"640\" height=\"376\" src=\"https:\/\/www.akhd.de\/wp-content\/uploads\/2025\/04\/IMG_1625_k.jpg\" class=\"attachment-large size-large wp-image-7225\" alt=\"\" srcset=\"https:\/\/www.akhd.de\/wp-content\/uploads\/2025\/04\/IMG_1625_k.jpg 800w, https:\/\/www.akhd.de\/wp-content\/uploads\/2025\/04\/IMG_1625_k-300x176.jpg 300w, https:\/\/www.akhd.de\/wp-content\/uploads\/2025\/04\/IMG_1625_k-768x451.jpg 768w\" sizes=\"(max-width: 640px) 100vw, 640px\" \/>\t\t\t\t\t\t\t\t<\/a>\n\t\t\t\t\t\t\t\t\t\t\t\t\t\t\t<\/div>\n\t\t\t\t<\/div>\n\t\t\t\t<div class=\"elementor-element elementor-element-1d5a47e elementor-widget elementor-widget-image\" data-id=\"1d5a47e\" data-element_type=\"widget\" data-e-type=\"widget\" data-widget_type=\"image.default\">\n\t\t\t\t<div class=\"elementor-widget-container\">\n\t\t\t\t\t\t\t\t\t\t\t\t\t\t\t\t<a href=\"https:\/\/www.akhd.de\/wp-content\/uploads\/2025\/04\/IMG_1624_k.jpg\" data-elementor-open-lightbox=\"yes\" data-e-action-hash=\"#elementor-action%3Aaction%3Dlightbox%26settings%3DeyJpZCI6NzIyNCwidXJsIjoiaHR0cHM6XC9cL3d3dy5ha2hkLmRlXC93cC1jb250ZW50XC91cGxvYWRzXC8yMDI1XC8wNFwvSU1HXzE2MjRfay5qcGcifQ%3D%3D\">\n\t\t\t\t\t\t\t<img loading=\"lazy\" decoding=\"async\" width=\"640\" height=\"376\" src=\"https:\/\/www.akhd.de\/wp-content\/uploads\/2025\/04\/IMG_1624_k.jpg\" class=\"attachment-large size-large wp-image-7224\" alt=\"\" srcset=\"https:\/\/www.akhd.de\/wp-content\/uploads\/2025\/04\/IMG_1624_k.jpg 800w, https:\/\/www.akhd.de\/wp-content\/uploads\/2025\/04\/IMG_1624_k-300x176.jpg 300w, https:\/\/www.akhd.de\/wp-content\/uploads\/2025\/04\/IMG_1624_k-768x451.jpg 768w\" sizes=\"(max-width: 640px) 100vw, 640px\" \/>\t\t\t\t\t\t\t\t<\/a>\n\t\t\t\t\t\t\t\t\t\t\t\t\t\t\t<\/div>\n\t\t\t\t<\/div>\n\t\t\t\t<div class=\"elementor-element elementor-element-e4f199e elementor-widget elementor-widget-image\" data-id=\"e4f199e\" data-element_type=\"widget\" data-e-type=\"widget\" data-widget_type=\"image.default\">\n\t\t\t\t<div class=\"elementor-widget-container\">\n\t\t\t\t\t\t\t\t\t\t\t\t\t\t\t\t<a href=\"https:\/\/www.akhd.de\/wp-content\/uploads\/2025\/04\/d4c4240c-3e7e-4265-814b-ce5.jpg\" data-elementor-open-lightbox=\"yes\" data-e-action-hash=\"#elementor-action%3Aaction%3Dlightbox%26settings%3DeyJpZCI6NzIyMywidXJsIjoiaHR0cHM6XC9cL3d3dy5ha2hkLmRlXC93cC1jb250ZW50XC91cGxvYWRzXC8yMDI1XC8wNFwvZDRjNDI0MGMtM2U3ZS00MjY1LTgxNGItY2U1LmpwZyJ9\">\n\t\t\t\t\t\t\t<img loading=\"lazy\" decoding=\"async\" width=\"640\" height=\"376\" src=\"https:\/\/www.akhd.de\/wp-content\/uploads\/2025\/04\/d4c4240c-3e7e-4265-814b-ce5.jpg\" class=\"attachment-large size-large wp-image-7223\" alt=\"\" srcset=\"https:\/\/www.akhd.de\/wp-content\/uploads\/2025\/04\/d4c4240c-3e7e-4265-814b-ce5.jpg 800w, https:\/\/www.akhd.de\/wp-content\/uploads\/2025\/04\/d4c4240c-3e7e-4265-814b-ce5-300x176.jpg 300w, https:\/\/www.akhd.de\/wp-content\/uploads\/2025\/04\/d4c4240c-3e7e-4265-814b-ce5-768x451.jpg 768w\" sizes=\"(max-width: 640px) 100vw, 640px\" \/>\t\t\t\t\t\t\t\t<\/a>\n\t\t\t\t\t\t\t\t\t\t\t\t\t\t\t<\/div>\n\t\t\t\t<\/div>\n\t\t\t\t\t<\/div>\n\t\t\t\t<\/div>\n\t\t\t\t<\/div>\n\t\t","protected":false},"excerpt":{"rendered":"<p>Schule Dogh Abad \u2013 Bildung f\u00fcr M\u00e4dchen in schwierigen Zeiten Ende 2010 wurde das erste Geb\u00e4ude f\u00fcr die berufsvorbereitende Schule fertiggestellt, die feierliche Er\u00f6ffnung erfolgte am 13. April 2011. Die Schule befand sich auf dem Gel\u00e4nde der Klinik in Dogh [&hellip;]<\/p>\n","protected":false},"author":2,"featured_media":505,"parent":1534,"menu_order":0,"comment_status":"closed","ping_status":"closed","template":"","meta":{"footnotes":""},"class_list":["post-1592","page","type-page","status-publish","has-post-thumbnail","hentry"],"_links":{"self":[{"href":"https:\/\/www.akhd.de\/index.php\/wp-json\/wp\/v2\/pages\/1592","targetHints":{"allow":["GET"]}}],"collection":[{"href":"https:\/\/www.akhd.de\/index.php\/wp-json\/wp\/v2\/pages"}],"about":[{"href":"https:\/\/www.akhd.de\/index.php\/wp-json\/wp\/v2\/types\/page"}],"author":[{"embeddable":true,"href":"https:\/\/www.akhd.de\/index.php\/wp-json\/wp\/v2\/users\/2"}],"replies":[{"embeddable":true,"href":"https:\/\/www.akhd.de\/index.php\/wp-json\/wp\/v2\/comments?post=1592"}],"version-history":[{"count":38,"href":"https:\/\/www.akhd.de\/index.php\/wp-json\/wp\/v2\/pages\/1592\/revisions"}],"predecessor-version":[{"id":7840,"href":"https:\/\/www.akhd.de\/index.php\/wp-json\/wp\/v2\/pages\/1592\/revisions\/7840"}],"up":[{"embeddable":true,"href":"https:\/\/www.akhd.de\/index.php\/wp-json\/wp\/v2\/pages\/1534"}],"wp:featuredmedia":[{"embeddable":true,"href":"https:\/\/www.akhd.de\/index.php\/wp-json\/wp\/v2\/media\/505"}],"wp:attachment":[{"href":"https:\/\/www.akhd.de\/index.php\/wp-json\/wp\/v2\/media?parent=1592"}],"curies":[{"name":"wp","href":"https:\/\/api.w.org\/{rel}","templated":true}]}}