{"id":6752,"date":"2024-10-29T19:58:51","date_gmt":"2024-10-29T19:58:51","guid":{"rendered":"https:\/\/dev.akhd.de\/?page_id=6752"},"modified":"2025-05-29T16:35:09","modified_gmt":"2025-05-29T16:35:09","slug":"geschichte","status":"publish","type":"page","link":"https:\/\/www.akhd.de\/index.php\/ueber-uns\/geschichte\/","title":{"rendered":"GESCHICHTE"},"content":{"rendered":"\t\t<div data-elementor-type=\"wp-page\" data-elementor-id=\"6752\" class=\"elementor elementor-6752\">\n\t\t\t\t<div class=\"elementor-element elementor-element-7b48261d e-flex e-con-boxed e-con e-parent\" data-id=\"7b48261d\" data-element_type=\"container\" data-e-type=\"container\">\n\t\t\t\t\t<div class=\"e-con-inner\">\n\t\t\t\t<div class=\"elementor-element elementor-element-9d51f0 elementor-widget elementor-widget-text-editor\" data-id=\"9d51f0\" data-element_type=\"widget\" data-e-type=\"widget\" data-widget_type=\"text-editor.default\">\n\t\t\t\t<div class=\"elementor-widget-container\">\n\t\t\t\t\t\t\t\t\t<h2 class=\"wp-block-heading\"><strong>Hei\u00dfer Tee und hei\u00dfe Diskussionen &#8211; Vereinsgr\u00fcndung im Wohnzimmer<br \/><\/strong><\/h2>\n<p><!-- \/wp:heading --><!-- wp:paragraph --><\/p>\n<p><strong>Am 7. Juni 2002 trafen sich in Hagen 15 Frauen und M\u00e4nner, um die Afghanische Kinderhilfe Deutschland zu gr\u00fcnden. Es waren Afghanen, die in den 1980er Jahren aus Afghanistan fliehen mussten und die in Deutschland eine neue Heimat gefunden haben, sowie einige ihrer deutschen Freundinnen und Freunde.<\/strong><\/p>\n<p><!-- \/wp:paragraph --><\/p>\t\t\t\t\t\t\t\t<\/div>\n\t\t\t\t<\/div>\n\t\t\t\t<div class=\"elementor-element elementor-element-a243022 elementor-widget elementor-widget-text-editor\" data-id=\"a243022\" data-element_type=\"widget\" data-e-type=\"widget\" data-widget_type=\"text-editor.default\">\n\t\t\t\t<div class=\"elementor-widget-container\">\n\t\t\t\t\t\t\t\t\t<p>Gemeinsam war ihnen das Bed\u00fcrfnis, etwas f\u00fcr die Kinder in Afghanistan zu tun. Kinder, die in einem Land leben, dass durch (B\u00fcrger-)Kriegswirren und -folgen gezeichnet ist. Oft fehlt ihnen das Notwendigste: sauberes Wasser, ausreichend zu essen, ein Dach \u00fcber dem Kopf, ein Bett. Krankenversorgung und Schulbildung genie\u00dfen die wenigsten. Hier wollten die Vereinsgr\u00fcnder ansetzen \u2013 und mit Geld- und Sachspenden Hilfe zur Selbsthilfe leisten. Wie genau die Hilfe aussehen sollte, dar\u00fcber wurde im Verein von Beginn an engagiert diskutiert.<\/p>\n<p>Inzwischen ist der Verein l\u00e4ngst eingetragen und als gemeinn\u00fctzig anerkannt. Mehr als 20 Jahre nach seiner Gr\u00fcndung kann er auf eine eindrucksvolle Bilanz verweisen: die dauerhafte und zuverl\u00e4ssige Unterst\u00fctzung von erst zwei, inzwischen drei Tageskliniken, dazu seit mehr als zehn Jahren der Unterhalt einer berufsvorbereitenden Schule. Alle Einrichtungen liegen im Gro\u00dfraum Kabul. Derzeit gibt der Verein monatlich rund 12.000 Euro nach Afghanistan, vor allem f\u00fcr die Geh\u00e4lter der mehr als 60 Angestellten.<\/p>\n<p>Dies wird m\u00f6glich durch die vielen kleinen und gro\u00dfen Spenden, die dem Verein zukommen. Eine besondere Rolle spielen dabei Partnervereine, die regelm\u00e4\u00dfig gr\u00f6\u00dfere Betr\u00e4ge f\u00fcr die Arbeit in Afghanistan zur Verf\u00fcgung stellen. Aber auch die vielen Benefizveranstaltungen sowie die zuverl\u00e4ssige Unterst\u00fctzung vieler Einzelspender helfen dem Verein beim Helfen.<\/p>\n<p>Aktuell z\u00e4hlt der Verein gut 130 Mitglieder, etwa ein Viertel von ihnen sind afghanischer Herkunft. Mitglied werden in der AKHD kann jeder, der einen wirksamen Beitrag f\u00fcr eine bessere Zukunft der Kinder in Afghanistan leisten m\u00f6chte.<\/p>\t\t\t\t\t\t\t\t<\/div>\n\t\t\t\t<\/div>\n\t\t\t\t\t<\/div>\n\t\t\t\t<\/div>\n\t\t\t\t<\/div>\n\t\t","protected":false},"excerpt":{"rendered":"<p>Hei\u00dfer Tee und hei\u00dfe Diskussionen &#8211; Vereinsgr\u00fcndung im Wohnzimmer Am 7. Juni 2002 trafen sich in Hagen 15 Frauen und M\u00e4nner, um die Afghanische Kinderhilfe Deutschland zu gr\u00fcnden. Es waren Afghanen, die in den 1980er Jahren aus Afghanistan fliehen mussten [&hellip;]<\/p>\n","protected":false},"author":2,"featured_media":0,"parent":1583,"menu_order":0,"comment_status":"closed","ping_status":"closed","template":"","meta":{"footnotes":""},"class_list":["post-6752","page","type-page","status-publish","hentry"],"_links":{"self":[{"href":"https:\/\/www.akhd.de\/index.php\/wp-json\/wp\/v2\/pages\/6752","targetHints":{"allow":["GET"]}}],"collection":[{"href":"https:\/\/www.akhd.de\/index.php\/wp-json\/wp\/v2\/pages"}],"about":[{"href":"https:\/\/www.akhd.de\/index.php\/wp-json\/wp\/v2\/types\/page"}],"author":[{"embeddable":true,"href":"https:\/\/www.akhd.de\/index.php\/wp-json\/wp\/v2\/users\/2"}],"replies":[{"embeddable":true,"href":"https:\/\/www.akhd.de\/index.php\/wp-json\/wp\/v2\/comments?post=6752"}],"version-history":[{"count":29,"href":"https:\/\/www.akhd.de\/index.php\/wp-json\/wp\/v2\/pages\/6752\/revisions"}],"predecessor-version":[{"id":7536,"href":"https:\/\/www.akhd.de\/index.php\/wp-json\/wp\/v2\/pages\/6752\/revisions\/7536"}],"up":[{"embeddable":true,"href":"https:\/\/www.akhd.de\/index.php\/wp-json\/wp\/v2\/pages\/1583"}],"wp:attachment":[{"href":"https:\/\/www.akhd.de\/index.php\/wp-json\/wp\/v2\/media?parent=6752"}],"curies":[{"name":"wp","href":"https:\/\/api.w.org\/{rel}","templated":true}]}}